

{"id":127,"date":"2019-05-15T10:19:53","date_gmt":"2019-05-15T13:19:53","guid":{"rendered":"http:\/\/10.10.10.3\/osse2\/?page_id=127"},"modified":"2020-03-09T09:09:55","modified_gmt":"2020-03-09T12:09:55","slug":"oficina-movil","status":"publish","type":"page","link":"https:\/\/www.osmgp.gov.ar\/osse\/oficina-movil\/","title":{"rendered":"Oficina M\u00f3vil"},"content":{"rendered":"\t\t<div data-elementor-type=\"wp-post\" data-elementor-id=\"127\" class=\"elementor elementor-127\" data-elementor-settings=\"[]\">\n\t\t\t<div class=\"elementor-inner\">\n\t\t\t\t<div class=\"elementor-section-wrap\">\n\t\t\t\t\t\t\t<section class=\"elementor-element elementor-element-587eafc2 elementor-section-boxed elementor-section-height-default elementor-section-height-default elementor-section elementor-top-section\" data-id=\"587eafc2\" data-element_type=\"section\">\n\t\t\t\t\t\t<div class=\"elementor-container elementor-column-gap-default\">\n\t\t\t\t<div class=\"elementor-row\">\n\t\t\t\t<div class=\"elementor-element elementor-element-3815f819 elementor-column elementor-col-100 elementor-top-column\" data-id=\"3815f819\" data-element_type=\"column\">\n\t\t\t<div class=\"elementor-column-wrap  elementor-element-populated\">\n\t\t\t\t\t<div class=\"elementor-widget-wrap\">\n\t\t\t\t<div class=\"elementor-element elementor-element-7749ccfa elementor-widget elementor-widget-shortcode\" data-id=\"7749ccfa\" data-element_type=\"widget\" data-widget_type=\"shortcode.default\">\n\t\t\t\t<div class=\"elementor-widget-container\">\n\t\t\t\t\t<div class=\"elementor-shortcode\"><\/div>\n\t\t\t\t<\/div>\n\t\t\t\t<\/div>\n\t\t\t\t\t\t<\/div>\n\t\t\t<\/div>\n\t\t<\/div>\n\t\t\t\t\t\t<\/div>\n\t\t\t<\/div>\n\t\t<\/section>\n\t\t\t\t<section class=\"elementor-element elementor-element-b0b8c50 elementor-section-height-min-height elementor-section-boxed elementor-section-height-default elementor-section-items-middle elementor-section elementor-top-section\" data-id=\"b0b8c50\" data-element_type=\"section\">\n\t\t\t\t\t\t<div class=\"elementor-container elementor-column-gap-default\">\n\t\t\t\t<div class=\"elementor-row\">\n\t\t\t\t<div class=\"elementor-element elementor-element-9b04694 elementor-column elementor-col-100 elementor-top-column\" data-id=\"9b04694\" data-element_type=\"column\">\n\t\t\t<div class=\"elementor-column-wrap  elementor-element-populated\">\n\t\t\t\t\t<div class=\"elementor-widget-wrap\">\n\t\t\t\t<div class=\"elementor-element elementor-element-5e4eee3 elementor-widget elementor-widget-heading\" data-id=\"5e4eee3\" data-element_type=\"widget\" data-widget_type=\"heading.default\">\n\t\t\t\t<div class=\"elementor-widget-container\">\n\t\t\t<h2 class=\"elementor-heading-title elementor-size-default\">Recorrido de nuestra Oficina Comercial M\u00f3vil del 9 al 13 de Marzo<\/h2>\t\t<\/div>\n\t\t\t\t<\/div>\n\t\t\t\t\t\t<\/div>\n\t\t\t<\/div>\n\t\t<\/div>\n\t\t\t\t\t\t<\/div>\n\t\t\t<\/div>\n\t\t<\/section>\n\t\t\t\t<section class=\"elementor-element elementor-element-c3e963f elementor-section-boxed elementor-section-height-default elementor-section-height-default elementor-section elementor-top-section\" data-id=\"c3e963f\" data-element_type=\"section\">\n\t\t\t\t\t\t<div class=\"elementor-container elementor-column-gap-default\">\n\t\t\t\t<div class=\"elementor-row\">\n\t\t\t\t<div class=\"elementor-element elementor-element-facf622 elementor-column elementor-col-50 elementor-top-column\" data-id=\"facf622\" data-element_type=\"column\">\n\t\t\t<div class=\"elementor-column-wrap  elementor-element-populated\">\n\t\t\t\t\t<div class=\"elementor-widget-wrap\">\n\t\t\t\t<div class=\"elementor-element elementor-element-015318c elementor-widget elementor-widget-heading\" data-id=\"015318c\" data-element_type=\"widget\" data-widget_type=\"heading.default\">\n\t\t\t\t<div class=\"elementor-widget-container\">\n\t\t\t<h2 class=\"elementor-heading-title elementor-size-default\"><iframe loading=\"lazy\" src=\"https:\/\/www.google.com\/maps\/d\/embed?mid=1nLTeBVE3U0RBqXXTGHPcZrdZgiUZ1q6d\" width=\"640\" height=\"480\"><\/iframe><\/h2>\t\t<\/div>\n\t\t\t\t<\/div>\n\t\t\t\t\t\t<\/div>\n\t\t\t<\/div>\n\t\t<\/div>\n\t\t\t\t<div class=\"elementor-element elementor-element-c485ca3 elementor-column elementor-col-50 elementor-top-column\" data-id=\"c485ca3\" data-element_type=\"column\">\n\t\t\t<div class=\"elementor-column-wrap  elementor-element-populated\">\n\t\t\t\t\t<div class=\"elementor-widget-wrap\">\n\t\t\t\t<div class=\"elementor-element elementor-element-f7e0d5a elementor-widget elementor-widget-text-editor\" data-id=\"f7e0d5a\" data-element_type=\"widget\" data-widget_type=\"text-editor.default\">\n\t\t\t\t<div class=\"elementor-widget-container\">\n\t\t\t\t\t<div class=\"elementor-text-editor elementor-clearfix\"><h6>\u00a0<\/h6><h6>Concurrir\u00e1 al <strong>Barrio Punta Mogotes<\/strong> ubicado en la Sociedad de Fomento calle Lebensohn 2250 continuando con la gesti\u00f3n comercial. Se realizaran cambios de Titularidad, empadronamientos, planes de pago, pedidos de conexi\u00f3n, reclamos. Tambi\u00e9n se informara el beneficio para adherirse a la factura Digital.<\/h6><h6><strong><em>*Estas actividades <\/em><\/strong><\/h6><h6><strong><em>se desarrollar\u00e0n siempre\u00a0 que las condiciones clim\u00e1ticas as\u00ed lo permitan. Los horarios de atenci\u00f3n en los barrios ser\u00e1n de 9:30 hs. hasta 14 hs.<\/em><\/strong><\/h6><\/div>\n\t\t\t\t<\/div>\n\t\t\t\t<\/div>\n\t\t\t\t\t\t<\/div>\n\t\t\t<\/div>\n\t\t<\/div>\n\t\t\t\t\t\t<\/div>\n\t\t\t<\/div>\n\t\t<\/section>\n\t\t\t\t<section class=\"elementor-element elementor-element-a41f22f elementor-section-full_width elementor-section-height-min-height elementor-section-height-default elementor-section-items-middle elementor-section elementor-top-section\" data-id=\"a41f22f\" data-element_type=\"section\">\n\t\t\t\t\t\t<div class=\"elementor-container elementor-column-gap-default\">\n\t\t\t\t<div class=\"elementor-row\">\n\t\t\t\t<div class=\"elementor-element elementor-element-d17c1fe elementor-column elementor-col-100 elementor-top-column\" data-id=\"d17c1fe\" data-element_type=\"column\">\n\t\t\t<div class=\"elementor-column-wrap  elementor-element-populated\">\n\t\t\t\t\t<div class=\"elementor-widget-wrap\">\n\t\t\t\t<div class=\"elementor-element elementor-element-c74b9b6 elementor-widget elementor-widget-image\" data-id=\"c74b9b6\" data-element_type=\"widget\" data-widget_type=\"image.default\">\n\t\t\t\t<div class=\"elementor-widget-container\">\n\t\t\t\t\t<div class=\"elementor-image\">\n\t\t\t\t\t\t\t\t\t\t<img width=\"1024\" height=\"458\" src=\"https:\/\/www.osmgp.gov.ar\/osse\/wp-content\/uploads\/2019\/08\/2-1024x458.jpg\" class=\"attachment-large size-large\" alt=\"\" decoding=\"async\" loading=\"lazy\" srcset=\"https:\/\/www.osmgp.gov.ar\/osse\/wp-content\/uploads\/2019\/08\/2-1024x458.jpg 1024w, https:\/\/www.osmgp.gov.ar\/osse\/wp-content\/uploads\/2019\/08\/2-300x134.jpg 300w, https:\/\/www.osmgp.gov.ar\/osse\/wp-content\/uploads\/2019\/08\/2-768x343.jpg 768w, https:\/\/www.osmgp.gov.ar\/osse\/wp-content\/uploads\/2019\/08\/2-1080x483.jpg 1080w\" sizes=\"(max-width: 1024px) 100vw, 1024px\" \/>\t\t\t\t\t\t\t\t\t\t\t<\/div>\n\t\t\t\t<\/div>\n\t\t\t\t<\/div>\n\t\t\t\t\t\t<\/div>\n\t\t\t<\/div>\n\t\t<\/div>\n\t\t\t\t\t\t<\/div>\n\t\t\t<\/div>\n\t\t<\/section>\n\t\t\t\t\t\t<\/div>\n\t\t\t<\/div>\n\t\t<\/div>\n\t\t","protected":false},"excerpt":{"rendered":"<p>Recorrido de nuestra Oficina Comercial M\u00f3vil del 9 al 13 de Marzo \u00a0Concurrir\u00e1 al Barrio Punta Mogotes ubicado en la Sociedad de Fomento calle Lebensohn 2250 continuando con la gesti\u00f3n comercial. Se realizaran cambios de Titularidad, empadronamientos, planes de pago, pedidos de conexi\u00f3n, reclamos. Tambi\u00e9n se informara el beneficio para adherirse a la factura Digital.*Estas [&hellip;]<\/p>\n","protected":false},"author":1,"featured_media":0,"parent":0,"menu_order":0,"comment_status":"closed","ping_status":"closed","template":"","meta":{"_et_pb_use_builder":"on","_et_pb_old_content":"","_et_gb_content_width":""},"_links":{"self":[{"href":"https:\/\/www.osmgp.gov.ar\/osse\/wp-json\/wp\/v2\/pages\/127"}],"collection":[{"href":"https:\/\/www.osmgp.gov.ar\/osse\/wp-json\/wp\/v2\/pages"}],"about":[{"href":"https:\/\/www.osmgp.gov.ar\/osse\/wp-json\/wp\/v2\/types\/page"}],"author":[{"embeddable":true,"href":"https:\/\/www.osmgp.gov.ar\/osse\/wp-json\/wp\/v2\/users\/1"}],"replies":[{"embeddable":true,"href":"https:\/\/www.osmgp.gov.ar\/osse\/wp-json\/wp\/v2\/comments?post=127"}],"version-history":[{"count":91,"href":"https:\/\/www.osmgp.gov.ar\/osse\/wp-json\/wp\/v2\/pages\/127\/revisions"}],"predecessor-version":[{"id":4142,"href":"https:\/\/www.osmgp.gov.ar\/osse\/wp-json\/wp\/v2\/pages\/127\/revisions\/4142"}],"wp:attachment":[{"href":"https:\/\/www.osmgp.gov.ar\/osse\/wp-json\/wp\/v2\/media?parent=127"}],"curies":[{"name":"wp","href":"https:\/\/api.w.org\/{rel}","templated":true}]}}