

{"id":5762,"date":"2021-06-24T12:47:49","date_gmt":"2021-06-24T15:47:49","guid":{"rendered":"http:\/\/www.osmgp.gov.ar\/osse\/?page_id=5762"},"modified":"2026-03-02T09:58:25","modified_gmt":"2026-03-02T12:58:25","slug":"preguntas-frecuentes","status":"publish","type":"page","link":"https:\/\/www.osmgp.gov.ar\/osse\/preguntas-frecuentes\/","title":{"rendered":"Preguntas Frecuentes"},"content":{"rendered":"<p>[et_pb_section fb_built=&#8221;1&#8243; _builder_version=&#8221;4.16&#8243; custom_padding=&#8221;54px|0px|0|0px|false|false&#8221; global_colors_info=&#8221;{}&#8221;][et_pb_row disabled_on=&#8221;off|off|off&#8221; _builder_version=&#8221;4.16&#8243; custom_padding=&#8221;27px|0px|3px|0px|false|false&#8221; global_colors_info=&#8221;{}&#8221;][et_pb_column type=&#8221;4_4&#8243; _builder_version=&#8221;4.16&#8243; custom_padding=&#8221;|||&#8221; global_colors_info=&#8221;{}&#8221; custom_padding__hover=&#8221;|||&#8221;][et_pb_text disabled_on=&#8221;off|off|off&#8221; _builder_version=&#8221;4.16&#8243; text_font=&#8221;||||||||&#8221; text_text_color=&#8221;#000000&#8243; z_index_tablet=&#8221;500&#8243; global_colors_info=&#8221;{}&#8221;]<\/p>\n<h1>Preguntas Frecuentes:<\/h1>\n<p>[\/et_pb_text][\/et_pb_column][\/et_pb_row][\/et_pb_section][et_pb_section fb_built=&#8221;1&#8243; _builder_version=&#8221;4.16&#8243; custom_padding=&#8221;0|0px|54px|0px|false|false&#8221; global_colors_info=&#8221;{}&#8221;][et_pb_row _builder_version=&#8221;4.16&#8243; global_colors_info=&#8221;{}&#8221;][et_pb_column type=&#8221;4_4&#8243; _builder_version=&#8221;4.16&#8243; custom_padding=&#8221;||0px|&#8221; global_colors_info=&#8221;{}&#8221; custom_padding__hover=&#8221;|||&#8221;][et_pb_accordion _builder_version=&#8221;4.25.1&#8243; hover_enabled=&#8221;0&#8243; global_colors_info=&#8221;{}&#8221; sticky_enabled=&#8221;0&#8243;][et_pb_accordion_item title=&#8221;\u00bfCu\u00e1l es el monto del Sellado a abonar por inscripci\u00f3n o  re inscripci\u00f3n?&#8221; open=&#8221;on&#8221; _builder_version=&#8221;4.25.1&#8243; hover_enabled=&#8221;0&#8243; global_colors_info=&#8221;{}&#8221; sticky_enabled=&#8221;0&#8243;]<\/p>\n<p>Durante el mes de Marzo, el sellado para la inscripci\u00f3n en el Registro de Proveedores tiene un importe de<i> $ 10.880,80 <\/i>y el de Re inscripci\u00f3n de <i>$ 5.440,40<\/i><\/p>\n<p>[\/et_pb_accordion_item][et_pb_accordion_item title=&#8221;\u00bfC\u00f3mo se obtiene la Certificaci\u00f3n expedida por la Direcci\u00f3n de la Mujer en la que conste que no se encuentra en el Registro de Deudores\/as Alimentarios\/as Morosos\/as en el \u00e1mbito del Partido de General Pueyrred\u00f3n?&#8221; _builder_version=&#8221;4.25.1&#8243; global_colors_info=&#8221;{}&#8221; open=&#8221;off&#8221;]<\/p>\n<p>La Certificaci\u00f3n se debe solicitar personalmente en calle Catamarca 2921 de Lunes a Viernes de 8 a 17hs.<\/p>\n<p>Consultas: <a href=\"mailto:genero@mardelplata.gob.ar\">genero@mardelplata.gov.ar<\/a>\u00a0<i>\/ <\/i>Tel: (0223) 54256401<\/p>\n<p>[\/et_pb_accordion_item][et_pb_accordion_item title=&#8221;Si ya me encuentro inscripto y\/o trabaj\u00e9 con OSSE,  \u00bfIgual debo hacer la inscripci\u00f3n a trav\u00e9s del Portal o no hace falta?&#8221; _builder_version=&#8221;4.25.1&#8243; global_colors_info=&#8221;{}&#8221; open=&#8221;off&#8221;]<\/p>\n<p>Todos los proveedores deben realizar la re inscripci\u00f3n a trav\u00e9s del portal. La primera vez que la realiza, se le requerir\u00e1 la carga de datos y de todos los archivos en PDF. Una vez obtenida la primer aprobaci\u00f3n, las siguientes re \u2013 inscripciones contar\u00e1n con la pre carga de datos y documentos anteriores y el proveedor podr\u00e1 cambiar los que requieran la actualizaci\u00f3n (ej. Formulario 522 Ley 17250, DDJJ Anual Ganancias, Acta de Directorio, etc) pero no ser\u00e1 necesario para aquellos que no vencen (ej. Formulario Constituci\u00f3n de Domicilio Electr\u00f3nico, Contrato Constitutivo, etc). En caso de contar con la inscripci\u00f3n vigente el sistema se lo informar\u00e1.<\/p>\n<p>[\/et_pb_accordion_item][et_pb_accordion_item title=&#8221;Si no cuento con alguno de los documentos que solicitan, \u00bfigual puedo iniciar la inscripci\u00f3n o Re inscripci\u00f3n?&#8221; _builder_version=&#8221;4.16&#8243; global_colors_info=&#8221;{}&#8221; open=&#8221;off&#8221;]<\/p>\n<p>En el caso que el documento sea de presentaci\u00f3n obligatoria (indicado con un (*)), el Portal no lo dejar\u00e1 avanzar si no adjunta ning\u00fan archivo. En tal caso, podr\u00e1 adjuntar una nota explicativa del motivo por el que no cuenta con tal documento y ser\u00e1 objeto de evaluaci\u00f3n\u00a0 en la pre inscripci\u00f3n. En aquellos casos en que no corresponda la presentaci\u00f3n de algunos de los puntos solicitados, deber\u00e1 indicar su justificaci\u00f3n mediante nota firmada y adjuntarla en reemplazo del mismo.<\/p>\n<p>[\/et_pb_accordion_item][et_pb_accordion_item title=&#8221;\u00bfDebo presentar tambi\u00e9n en papel la documentaci\u00f3n requerida para la Inscripci\u00f3n o Re inscripci\u00f3n?&#8221; _builder_version=&#8221;4.16&#8243; global_colors_info=&#8221;{}&#8221; open=&#8221;off&#8221;]<\/p>\n<p>Solo las inscripciones en Licitaciones requieren, luego de evaluada la pre inscripci\u00f3n, la presentaci\u00f3n en papel de ciertos documentos. Igualmente, se eval\u00faa lo presentado en a\u00f1os anteriores y solo deber\u00e1n presentar los documentos que sean indicados en el mail que reciba en el correo electr\u00f3nico declarado como\u00a0 domicilio. \u00a0<\/p>\n<p>[\/et_pb_accordion_item][et_pb_accordion_item title=&#8221;\u00bfA d\u00f3nde puedo dirigirme en caso de tener alguna otra consulta respecto a las Inscripciones o Re inscripciones?&#8221; _builder_version=&#8221;4.16&#8243; global_colors_info=&#8221;{}&#8221; open=&#8221;off&#8221;]<\/p>\n<p>Ante cualquier consulta podr\u00e1 comunicarse al (0223) 499-2922 o por mail a <a href=\"mailto:consultas.proveedores@osmgp.gov.ar\">consultas.proveedores@osmgp.gov.ar<\/a><\/p>\n<p>[\/et_pb_accordion_item][\/et_pb_accordion][\/et_pb_column][\/et_pb_row][\/et_pb_section]<\/p>\n","protected":false},"excerpt":{"rendered":"<p>Preguntas Frecuentes:Durante el mes de Marzo, el sellado para la inscripci\u00f3n en el Registro de Proveedores tiene un importe de $ 10.880,80 y el de Re inscripci\u00f3n de $ 5.440,40La Certificaci\u00f3n se debe solicitar personalmente en calle Catamarca 2921 de Lunes a Viernes de 8 a 17hs. Consultas: genero@mardelplata.gov.ar\u00a0\/ Tel: (0223) 54256401Todos los proveedores deben [&hellip;]<\/p>\n","protected":false},"author":1,"featured_media":0,"parent":0,"menu_order":0,"comment_status":"closed","ping_status":"closed","template":"","meta":{"_et_pb_use_builder":"on","_et_pb_old_content":"","_et_gb_content_width":""},"_links":{"self":[{"href":"https:\/\/www.osmgp.gov.ar\/osse\/wp-json\/wp\/v2\/pages\/5762"}],"collection":[{"href":"https:\/\/www.osmgp.gov.ar\/osse\/wp-json\/wp\/v2\/pages"}],"about":[{"href":"https:\/\/www.osmgp.gov.ar\/osse\/wp-json\/wp\/v2\/types\/page"}],"author":[{"embeddable":true,"href":"https:\/\/www.osmgp.gov.ar\/osse\/wp-json\/wp\/v2\/users\/1"}],"replies":[{"embeddable":true,"href":"https:\/\/www.osmgp.gov.ar\/osse\/wp-json\/wp\/v2\/comments?post=5762"}],"version-history":[{"count":27,"href":"https:\/\/www.osmgp.gov.ar\/osse\/wp-json\/wp\/v2\/pages\/5762\/revisions"}],"predecessor-version":[{"id":14366,"href":"https:\/\/www.osmgp.gov.ar\/osse\/wp-json\/wp\/v2\/pages\/5762\/revisions\/14366"}],"wp:attachment":[{"href":"https:\/\/www.osmgp.gov.ar\/osse\/wp-json\/wp\/v2\/media?parent=5762"}],"curies":[{"name":"wp","href":"https:\/\/api.w.org\/{rel}","templated":true}]}}